866 (base 16) to base 3.
-11110221102
What is 18262 (base 15) in base 11?
53801
Convert -2020000111221 (base 3) to base 16.
-1206ac
Convert -24235260 (base 7) to base 6.
-114145350
Convert 1222 (base 11) to base 6.
11221
102001112211 (base 3) to base 5
23431032
What is -43320 (base 14) in base 10?
-162512
What is -3b2533 (base 14) in base 13?
-566921
Convert 1197937 (base 10) to base 5.
301313222
-761651 (base 9) to base 11
-290090
104708 (base 9) to base 15
137e5
-151542230 (base 6) to base 7
-35643360
Convert -1001014040 (base 5) to base 10.
-1969895
4722034 (base 9) to base 4
21233131312
Convert cd7534 (base 14) to base 8.
32464132
-2c40 (base 13) to base 15
-1db9
-10022201221 (base 3) to base 12
-31a37
Convert 95b1 (base 14) to base 4.
12103213
What is 227b5 (base 16) in base 14?
39685
What is 10010001010011010111 (base 2) in base 15?
bb524
What is 11100011100101000 (base 2) in base 10?
116520
Convert -2e083 (base 15) to base 2.
-100100010010001111
What is 2421433234 (base 5) in base 15?
76aa49
What is -33101103313 (base 4) in base 7?
-46011511
Convert -1c4483 (base 13) to base 14.
-14b9b6
What is 18d0a3 (base 14) in base 12?
36599b
1011011100010101111 (base 2) to base 6
12011531
23221200 (base 4) to base 7
256050
What is 367cd (base 16) in base 6?
4441125
bb039 (base 15) to base 7
5022636
-1246405 (base 13) to base 10
-5697502
What is 8b2 (base 13) in base 10?
1497
Convert 17141 (base 9) to base 7.
46231
What is -101011000011001010100 (base 2) in base 8?
-5303124
Convert -31312012 (base 5) to base 13.
-915ca
What is -1001210010222 (base 3) in base 2?
-10001010010100001100
What is 1520286 (base 9) in base 3?
1120200022220
-2142451 (base 6) to base 14
-2ad43
Convert -1223131203 (base 4) to base 12.
-192883
Convert 24313211 (base 5) to base 16.
37f3d
1244446 (base 12) to base 9
6646710
What is 2507391 (base 10) in base 14?
493ab5
What is 1586764 (base 13) in base 15?
91c324
31014241 (base 5) to base 12
101450
What is a7003b (base 12) in base 13?
7128c5
Convert -21122121010 (base 3) to base 14.
-3cc5b
Convert -871817 (base 10) to base 15.
-1234b2
-103525310 (base 6) to base 4
-13012221222
Convert -3120212 (base 4) to base 10.
-13862
Convert -1220020012010 (base 3) to base 10.
-1008345
What is 607c (base 15) in base 6?
234143
Convert -3b147 (base 12) to base 2.
-10011111000000111
-101010110001100000001100 (base 2) to base 10
-11212812
What is -1104436 (base 7) in base 6?
-2525511
10011111010110100 (base 2) to base 6
1425420
Convert -424234444 (base 5) to base 4.
-12311000233
-4323779 (base 10) to base 13
-b85065
23717573 (base 8) to base 12
18b7937
What is 1337980 (base 11) in base 6?
121254231
Convert 12013321 (base 5) to base 11.
75a9a
Convert -c6ba90 (base 13) to base 15.
-61d956
What is -104202647 (base 8) in base 2?
-1000100010000010110100111
-101111000010011011011 (base 2) to base 8
-5702333
What is -56177 (base 16) in base 3?
-122220201102
Convert 337a (base 16) to base 8.
31572
-1035151023 (base 6) to base 9
-23006776
-233322212 (base 4) to base 2
-101111111010100110
What is 2031230123 (base 4) in base 12?
23ba4b
15347537 (base 8) to base 5
1400321440
-2033013322 (base 4) to base 8
-2170772
What is 21b14 (base 12) in base 15?
d41a
430303332 (base 6) to base 3
112021020001202
-8248 (base 12) to base 5
-423133
Convert -20231 (base 12) to base 7.
-232600
What is -1332126 (base 7) in base 15?
-37253
What is -55458 (base 15) in base 14?
-70a7d
What is 1240045 (base 7) in base 8?
472204
-920a9 (base 11) to base 5
-13301200
What is -122122101201000 (base 3) in base 14?
-1361355
What is 3430220 (base 6) in base 11?
10a571
Convert -11001101101010000110 (base 2) to base 9.
-1523461
What is -158708 (base 10) in base 9?
-261632
Convert -15011747 (base 10) to base 8.
-71207643
What is b5990 (base 14) in base 6?
13220350
-184194 (base 12) to base 6
-13013104
2056305 (base 11) to base 10
3624681
What is 23123033203 (base 4) in base 6?
144110311
Convert -3310231 (base 6) to base 8.
-501513
What is 6746 (base 8) in base 6?
24250
Convert 102120222202 (base 3) to base 15.
47915
Convert -211210101120 (base 3) to base 12.
-197750
9ec923 (base 16) to base 13
2204704
Convert -28c1a (base 13) to base 15.
-17b19
Convert 33846 (base 14) to base 15.
2710a
Convert -6816483 (base 9) to base 13.
-9b7702
-14043652 (base 7) to base 9
-2408234
113320322322 (base 4) to base 8
27707272
What is 11278c5 (base 13) in base 3?
100220211222120
Convert 1102200122212 (base 3) to base 16.
b9ed6
53152340 (base 7) to base 6
240242515
Convert 12ecb (base 16) to base 13.
29389
4671568 (base 11) to base 13
18c7a72
Convert -164316 (base 12) to base 7.
-3143436
-1828a (base 13) to base 4
-23113331
3210222 (base 7) to base 13
10812c
What is -24767477 (base 9) in base 4?
-232112102110
What is -1c7694 (base 13) in base 4?
-2302112223
What is -11010221122 (base 4) in base 13?
-37734a
Convert 63010231 (base 7) to base 8.
24151126
7750535 (base 8) to base 5
1013211323
Convert -699bb (base 12) to base 16.
-2285f
Convert 14a9076 (base 11) to base 4.
21310132131
Convert 21201 (base 12) to base 5.
2342424
-551c27 (base 13) to base 8
-7511110
-359240 (base 10) to base 11
-2259a2
What is -1124054 (base 6) in base 8?
-161102
-3b6458 (base 12) to base 5
-223014404
What is 1121311103 (base 4) in base 2?
1011001110101010011
Convert 7b140 (base 12) to base 11.
102531
100020012101011 (base 3) to base 9
10205334
Convert 10031121321 (base 4) to base 5.
240302411
What is -1aa815 (base 11) in base 6?
-10521335
Convert 13033123022 (base 4) to base 2.
111001111011011001010
Convert 78779 (base 10) to base 13.
29b1c
What is 10086a (base 11) in base 16?
2792f
-5400c0 (base 13) to base 14
-394361
What is -1180840 (base 15) in base 8?
-57715074
1260450 (base 7) to base 14
44660
111011221020111 (base 3) to base 10
7005865
352b (base 16) to base 2
11010100101011
100010100001110111010101 (base 2) to base 5
4304122410
Convert -83904 (base 11) to base 15.
-26329
Convert -283478 (base 9) to base 16.
-2a470
Convert -714016 (base 13) to base 10.
-2636419
Convert 26b7a4b (base 13) to base 2.
101110100101100111000111
What is 1111100000011110100 (base 2) in base 13?
14a3a4
-45561 (base 7) to base 3
-120220220
Convert -18a03b0 (base 14) to base 7.
-205562110
-22632355 (base 7) to base 11
-1140105
Convert -3220323102 (base 4) to base 3.
-1210110201210
What is -23dd7b (base 15) in base 6?
-100451325
What is 1404430323 (base 6) in base 12?
58483a3
Convert -3764021 (base 8) to base 16.
-fe811
What is -1111111001100011 (base 2) in base 4?
-33321203
Convert -11302132011 (base 4) to base 6.
-52305113
What is 8c2a (base 15) in base 4?
13100230
Convert 22011200122 (base 3) to base 13.
582c8
What is 113102062 (base 7) in base 8?
32427354
Convert 32f00 (base 16) to base 7.
1526165
Convert 2302351 (base 6) to base 5.
12222321
Convert 148201 (base 9) to base 10.
91288
62458 (base 9) to base 7
231056
Convert 279b3 (base 14) to base 9.
158335
6242dc (base 15) to base 8
21644251
Convert -311443201 (base 6) to base 14.
-a08b73
Convert 603755 (base 13) to base 3.
11012120200002
1846a6 (base 12) to base 5
102010442
Convert -606162 (base 7) to base 9.
-166246
23254245 (base 6) to base 11
454095
4278221 (base 10) to base 15
59794b
What is 12100211120012 (base 3) in base 6?
141034052
Convert 4dda1 (base 14) to base 12.
93161
2515066 (base 7) to base 15
65cb7
Convert -11110100101111 (base 2) to base 4.
-3310233
20662 (base 10) to base 16
50b6
Convert -1311534 (base 7) to base 8.
-516114
-2b7924 (base 13) to base 12
-43941b
What is -36831 (base 12) in base 14?
-1cc4d
11052244 (base 6) to base 15
68ca4
-252c5 (base 14) to base 12
-44891
-7c2a (base 14) to base 15
-65ed
11000011010110000111 (base 2) to base 16
c3587
What is 756163 (base 8) in base 5?
31044133
What is 3204131142 (base 5) in base 10?
6708297
Convert -55363617 (base 8) to base 15.
-10a7380
2530b (base 13) to base 7
404034
Convert 348854 (base 14) to base 11.
1013447
Convert a376a7 (base 11) to base 10.
1664593
385823 (base 9) to base 16
391dd
Convert -1651063 (base 9) to base 15.
-1325d6
Convert b3427 (base 12) to base 13.
825c4
-212404 (base 9) to base 3
-20102110011
21102010222020 (base 3) to base 16
3c1ca7
Convert -235230402 (base 7) to base 13.
-3052b06
What is 47262222 (base 8)